{"id":841,"date":"2021-06-11T16:53:30","date_gmt":"2021-06-11T15:53:30","guid":{"rendered":"https:\/\/vee.vivreetlecrire.fr\/?page_id=841"},"modified":"2021-06-28T15:36:36","modified_gmt":"2021-06-28T14:36:36","slug":"relecture-de-manuscrit","status":"publish","type":"page","link":"https:\/\/vee.vivreetlecrire.fr\/","title":{"rendered":"Relecture de manuscrit"},"content":{"rendered":"<p>Vous avez chez vous un manuscrit qui n&rsquo;est pas destin\u00e9 \u00e0 l&rsquo;\u00e9dition, mais vous souhaitez le faire relire.<\/p>\n<p>Nous vous proposons une relecture compl\u00e8te, ortho-typo.<\/p>\n<p>Pour en savoir plus :<\/p>\n<p><a href=\"https:\/\/vee.vivreetlecrire.fr\/index.php\/2020\/07\/01\/nouveau-nous-vous-aidons-a-valoriser-vos-ecrits\/\" target=\"_blank\" rel=\"noopener\">Nouvelle_Prestation<\/a><\/p>\n","protected":false},"excerpt":{"rendered":"<p>Vous avez chez vous un manuscrit qui n&rsquo;est pas destin\u00e9 \u00e0 l&rsquo;\u00e9dition, mais vous souhaitez le faire relire. Nous vous proposons une relecture compl\u00e8te, ortho-typo. Pour en savoir plus : Nouvelle_Prestation<\/p>\n","protected":false},"author":2,"featured_media":0,"parent":2,"menu_order":0,"comment_status":"closed","ping_status":"closed","template":"","meta":{"neve_meta_sidebar":"full-width","neve_meta_container":"","neve_meta_enable_content_width":"on","neve_meta_content_width":100,"neve_meta_title_alignment":"","neve_meta_author_avatar":"","neve_post_elements_order":"","neve_meta_disable_header":"","neve_meta_disable_footer":"","neve_meta_disable_title":"","_themeisle_gutenberg_block_has_review":false,"footnotes":""},"class_list":["post-841","page","type-page","status-publish","hentry"],"_links":{"self":[{"href":"https:\/\/vee.vivreetlecrire.fr\/index.php\/wp-json\/wp\/v2\/pages\/841","targetHints":{"allow":["GET"]}}],"collection":[{"href":"https:\/\/vee.vivreetlecrire.fr\/index.php\/wp-json\/wp\/v2\/pages"}],"about":[{"href":"https:\/\/vee.vivreetlecrire.fr\/index.php\/wp-json\/wp\/v2\/types\/page"}],"author":[{"embeddable":true,"href":"https:\/\/vee.vivreetlecrire.fr\/index.php\/wp-json\/wp\/v2\/users\/2"}],"replies":[{"embeddable":true,"href":"https:\/\/vee.vivreetlecrire.fr\/index.php\/wp-json\/wp\/v2\/comments?post=841"}],"version-history":[{"count":2,"href":"https:\/\/vee.vivreetlecrire.fr\/index.php\/wp-json\/wp\/v2\/pages\/841\/revisions"}],"predecessor-version":[{"id":847,"href":"https:\/\/vee.vivreetlecrire.fr\/index.php\/wp-json\/wp\/v2\/pages\/841\/revisions\/847"}],"up":[{"embeddable":true,"href":"https:\/\/vee.vivreetlecrire.fr\/index.php\/wp-json\/wp\/v2\/pages\/2"}],"wp:attachment":[{"href":"https:\/\/vee.vivreetlecrire.fr\/index.php\/wp-json\/wp\/v2\/media?parent=841"}],"curies":[{"name":"wp","href":"https:\/\/api.w.org\/{rel}","templated":true}]}}