{"id":48,"date":"2016-06-27T16:41:26","date_gmt":"2016-06-27T15:41:26","guid":{"rendered":"https:\/\/vee.vivreetlecrire.fr\/?page_id=48"},"modified":"2025-08-31T18:58:04","modified_gmt":"2025-08-31T17:58:04","slug":"lenvoi-et-la-lecture-des-manuscrits","status":"publish","type":"page","link":"https:\/\/vee.vivreetlecrire.fr\/index.php\/ledition\/lenvoi-et-la-lecture-des-manuscrits\/","title":{"rendered":"L&rsquo;envoi et la lecture des manuscrits"},"content":{"rendered":"\n<p><strong>Vous souhaitez nous envoyer un manuscrit pour \u00e9dition ?<\/strong><\/p>\n\n\n\n<p>Dans un premier temps, assurez-vous que votre manuscrit correspond bien \u00e0 nos domaines de publication : <\/p>\n\n\n\n<!--more-->\n\n\n\n<p>regardez notre catalogue&nbsp;; nous sommes directeur de collection chez L\u2019Harmattan, consultez nos deux collections (\u00ab&nbsp;Vivre et l\u2019\u00e9crire&nbsp;\u00bb et \u00ab&nbsp;Aux marges de l\u2019\u00e9criture&nbsp;\u00bb) sur le site de L\u2019Harmattan.<\/p>\n\n\n\n<p>Notre ligne \u00e9ditoriale est essentiellement ax\u00e9e sur <strong>les \u00e9crits d\u2019adolescents<\/strong>, <strong>l\u2019autobiographie<\/strong>, <strong>les r\u00e9cits de vie<\/strong>.<\/p>\n\n\n\n<p><strong>Comment faire<\/strong><\/p>\n\n\n\n<p>De pr\u00e9f\u00e9rence, envoyez votre manuscrit par mail \u00e0 l&rsquo;adresse : contact@vivreetlecrire.fr<\/p>\n\n\n\n<p>Dans votre <strong>lettre d\u2019accompagnement, \u00e9l\u00e9ment indispensable de votre envoi<\/strong>, exposez votre motivation, ce qui a suscit\u00e9 chez vous le besoin d\u2019\u00e9crire ce manuscrit, ce qu\u2019il repr\u00e9sente pour vous et pourquoi vous avez choisi de l\u2019adresser \u00e0 Vivre et l\u2019\u00e9crire. Exp\u00e9diez le manuscrit complet, en mentionnant vos coordonn\u00e9es (nom, adresse, t\u00e9l\u00e9phone, courriel).<\/p>\n\n\n\n<p>En cas d&rsquo;envoi par courrier postal, merci de <strong>ne pas envoyer d\u2019originaux<\/strong>, Vivre et l\u2019\u00e9crire n\u2019est pas responsable du bon acheminement des manuscrits qui lui sont adress\u00e9s.<\/p>\n\n\n\n<p>La version papier de votre manuscrit doit comporter <strong>au maximum 150 pages A4<\/strong>, imprim\u00e9 sur feuilles recto simple reli\u00e9es. Il sera lu par un ou plusieurs Lecteurs. Un accus\u00e9 r\u00e9ception vous est envoy\u00e9 d\u00e8s votre premier envoi, et vous recevrez une r\u00e9ponse personnalis\u00e9e dans un d\u00e9lai maximal de trois ou quatre mois.<\/p>\n\n\n\n<p><em>Pour un envoi postal&nbsp; : Vivre et l\u2019\u00e9crire \u00e9ditions VEE \u2013 Comit\u00e9 de lecture \u2013 Maison des associations &#8211; bo\u00eete 6 &#8211; 46 ter rue Ste Catherine \u2013 45000 Orl\u00e9ans<\/em><\/p>\n\n\n\n<figure class=\"wp-block-image size-large\"><img loading=\"lazy\" decoding=\"async\" width=\"500\" height=\"700\" src=\"https:\/\/vee.vivreetlecrire.fr\/wp-content\/uploads\/2025\/06\/Schema-edition-2024-10-10-500x700.png\" alt=\"\" class=\"wp-image-1322\" srcset=\"https:\/\/vee.vivreetlecrire.fr\/wp-content\/uploads\/2025\/06\/Schema-edition-2024-10-10-500x700.png 500w, https:\/\/vee.vivreetlecrire.fr\/wp-content\/uploads\/2025\/06\/Schema-edition-2024-10-10-214x300.png 214w, https:\/\/vee.vivreetlecrire.fr\/wp-content\/uploads\/2025\/06\/Schema-edition-2024-10-10-768x1076.png 768w, https:\/\/vee.vivreetlecrire.fr\/wp-content\/uploads\/2025\/06\/Schema-edition-2024-10-10-1097x1536.png 1097w, https:\/\/vee.vivreetlecrire.fr\/wp-content\/uploads\/2025\/06\/Schema-edition-2024-10-10-1462x2048.png 1462w\" sizes=\"auto, (max-width: 500px) 100vw, 500px\" \/><figcaption class=\"wp-element-caption\">Le parcours d&rsquo;un manuscrit \u00e0 Vivre et l&rsquo;\u00e9crire \u00e9ditions V2E VEE<\/figcaption><\/figure>\n","protected":false},"excerpt":{"rendered":"<p>Vous souhaitez nous envoyer un manuscrit pour \u00e9dition ? Dans un premier temps, assurez-vous que votre manuscrit correspond bien \u00e0 nos domaines de publication :<\/p>\n","protected":false},"author":2,"featured_media":0,"parent":11,"menu_order":1,"comment_status":"closed","ping_status":"closed","template":"","meta":{"neve_meta_sidebar":"","neve_meta_container":"","neve_meta_enable_content_width":"","neve_meta_content_width":0,"neve_meta_title_alignment":"","neve_meta_author_avatar":"","neve_post_elements_order":"","neve_meta_disable_header":"","neve_meta_disable_footer":"","neve_meta_disable_title":"","_themeisle_gutenberg_block_has_review":false,"footnotes":""},"class_list":["post-48","page","type-page","status-publish","hentry"],"_links":{"self":[{"href":"https:\/\/vee.vivreetlecrire.fr\/index.php\/wp-json\/wp\/v2\/pages\/48","targetHints":{"allow":["GET"]}}],"collection":[{"href":"https:\/\/vee.vivreetlecrire.fr\/index.php\/wp-json\/wp\/v2\/pages"}],"about":[{"href":"https:\/\/vee.vivreetlecrire.fr\/index.php\/wp-json\/wp\/v2\/types\/page"}],"author":[{"embeddable":true,"href":"https:\/\/vee.vivreetlecrire.fr\/index.php\/wp-json\/wp\/v2\/users\/2"}],"replies":[{"embeddable":true,"href":"https:\/\/vee.vivreetlecrire.fr\/index.php\/wp-json\/wp\/v2\/comments?post=48"}],"version-history":[{"count":3,"href":"https:\/\/vee.vivreetlecrire.fr\/index.php\/wp-json\/wp\/v2\/pages\/48\/revisions"}],"predecessor-version":[{"id":1342,"href":"https:\/\/vee.vivreetlecrire.fr\/index.php\/wp-json\/wp\/v2\/pages\/48\/revisions\/1342"}],"up":[{"embeddable":true,"href":"https:\/\/vee.vivreetlecrire.fr\/index.php\/wp-json\/wp\/v2\/pages\/11"}],"wp:attachment":[{"href":"https:\/\/vee.vivreetlecrire.fr\/index.php\/wp-json\/wp\/v2\/media?parent=48"}],"curies":[{"name":"wp","href":"https:\/\/api.w.org\/{rel}","templated":true}]}}